alue of (8 - 1) + (26 - 37)?
-4
Calculate -3 + (0 - -7) + -3.
1
Evaluate 5 - (6 + 4 - (4 - 0)).
-1
What is the value of (-7 - (-6 - 0)) + 9?
8
-21 - (-21 + 5) - (-1 - -1)
-5
What is -2 + (-2 - -3) + -45 + 48?
2
What is the value of (-1 - 0) + 8 - (-35 + 42)?
0
-7 + -2 + 17 - 8
0
Evaluate 9 - (-1 + 3 + 3) - 6.
-2
Calculate -3 - ((-1 - -1) + (-1 - -1)).
-3
Calculate -3 + 2 - 2 - (-2 + 2).
-3
-3 + (5 - -6 - 4)
4
What is 7 + -22 + 11 + (-5 - -1)?
-8
What is the value of -2 - (-2 + -4 + 1)?
3
0 + 2 - (3 - 4)
3
Evaluate -3 - (-4 - (2 - 0)).
3
-5 + (-4 + (-1 - -6) - -9)
5
Calculate 0 + (-5 - -13 - (-5 + 8)).
5
What is the value of 1 + (2 - (-4 + 4))?
3
What is the value of -5 + 2 + -3 + 6?
0
Evaluate 8 + -5 - ((3 - 1) + 0).
1
What is -1 + 12 + -6 + (-1 - -1)?
5
What is the value of -3 + 4 + -7 + -3 + 5?
-4
What is (-3 - (-3 + -5)) + (-5 - -3)?
3
What is -6 - (-5 - 4) - (0 - 0)?
3
Evaluate -7 - -8 - (-12 - -11).
2
What is the value of 2 + (5 - (1 + -2) - 13)?
-5
What is 1 + 7 + 60 + -58?
10
Evaluate 5 - (0 + (1 - -2) - -7).
-5
What is 8 - (13 + -12) - 3?
4
Calculate ((4 - 8) + -1 - -5) + 6.
6
What is -4 + 4 + (-2 - 3)?
-5
1 + -11 + 9 - -2
1
(-12 - (-8 + 5)) + -2
-11
Calculate (1 - (0 - (2 - 3))) + -2.
-2
Calculate -2 + (6 - 1) + 0.
3
What is -1 + 1 + (-3 - -1) + -1?
-3
What is the value of -15 + (1 - (-1 + -1)) + 8?
-4
What is the value of 5 + -1 + (-17 - -12)?
-1
Evaluate (2 - 1) + (-4 - (-10 + 2)).
5
Calculate -4 + (3 - 3) + (-1 - -7).
2
Evaluate 4 - (5 + 0 - 3).
2
-5 + 11 - 1 - 1
4
Evaluate 2 + (4 - (7 - 0) - -6).
5
Calculate -1 - 0 - (-161 - -161).
-1
What is the value of (1 + 0 - 6) + (-19 - -27)?
3
Calculate -2 - (1 + 3) - (2 + -8).
0
What is 8 - 10 - (-5 + 4)?
-1
Calculate 8 + (4 - 0) + -8.
4
What is the value of -3 - (-4 + 0 - -2)?
-1
-1 + -3 + 6 + 0
2
Calculate -2 + 1 + 1 + (-3 - 2).
-5
Evaluate 4 + 0 + (2 - 1).
5
Evaluate (-5 - (6 - 0)) + 9.
-2
Calculate (28 - 31) + 0 + (5 - 2).
0
(2 - (-6 - -9)) + -9 + 4
-6
Evaluate 3 - (1 + 8) - -4.
-2
Calculate 4 - (2 + -3 + 1).
4
What is -9 - ((-2 - (2 - 9)) + -9)?
-5
What is -3 + -3 + (2 - 1 - -3)?
-2
What is -3 - (5 + (-2 - 2))?
-4
What is (-4 - 2) + 5 - 2?
-3
Evaluate 0 + (0 - ((-2 - 2) + 2)).
2
What is the value of -3 + 2 + -3 + (7 - 0)?
3
Evaluate (4 - -5) + -7 - 1.
1
Evaluate -3 - (3 + (-10 - -4)).
0
What is the value of (1 - 3) + (-60 - -55)?
-7
Calculate -5 + 0 - (1 + -3).
-3
What is (356 - 347) + (4 - 2) + -6?
5
What is the value of -124 - -129 - (-1 - 0)?
6
Calculate 7 + -6 - (-1 + -3).
5
What is 8 - (4 + 4 + 5 + 5)?
-10
(-4 - (-2 + 7)) + 8
-1
Calculate -3 - (-7 + (9 - 3)).
-2
Evaluate 3 - (2 + 1) - (5 - 4).
-1
Evaluate 9 - (3 - -2) - (4 - 1).
1
What is (-32 - -45) + (3 - 21)?
-5
What is the value of 2 + 3 + 5 + -6?
4
0 + 1 - -3 - 2
2
What is the value of 13 - (-5 - (6 - 31))?
-7
(-18 - 2) + 13 + (-1 - 0)
-8
0 - 3 - ((8 - 9) + 6)
-8
(4 - 2) + 4 + 0
6
(2 - 0) + (0 - (-2 + 2))
2
-5 + 1 + (0 - 6 - -15)
5
0 - (-10 - -7 - -7)
-4
Evaluate -1 + 2 + -4 + 4.
1
Calculate -4 + (5 - (-4 - (-3 - 3))).
-1
What is the value of 1 - -3 - ((7 - 5) + -2)?
4
0 + -2 - (4 + -4 + -2)
0
Evaluate (2 - -4 - 4) + 0.
2
Calculate 49 - 45 - (-1 + 3).
2
What is the value of 2 + (-9 - (-5 + 3))?
-5
What is -2 + -2 + 5 + -1 + 3?
3
What is the value of 7 - (3 + -5 + 2) - 5?
2
Evaluate 6 + 0 + -8 + 3 + -1.
0
-1 + 0 + (6 - 3)
2
What is (0 - -3 - (13 - 15)) + -3?
2
Calculate (-8 - 9) + 7 - -5.
-5
Calculate -2 + -1 - (17 + -14).
-6
Evaluate -4 - (-8 - (-6 - (-1 - 1))).
0
Evaluate 2 + -11 - (7 - 11).
-5
Calculate (1 - 7 - (-63 - -59)) + 7.
5
What is the value of 2 - 1 - (11 + -7 + -1)?
-2
What is the value of 3 - (-3 + 6 + 4)?
-4
Evaluate -1 - ((-5 - 0) + 3).
1
Calculate 2 - (1 + 3 + -3 + -2).
3
What is -13 + (5 - -4) - -5?
1
4 - (9 + -5 - -4)
-4
Calculate 11 - 11 - (-6 + 1).
5
Evaluate -7 - 1 - (2 + -7).
-3
What is (2 + -11 - -1) + 158 + -144?
6
Evaluate 0 - 0 - (1 + (1 - 2)).
0
What is -2 + 0 + 2 + (-4 - -3)?
-1
What is 5 + -6 + -1 - 2?
-4
What is the value of -4 + 0 + 4 + (-3 - 0)?
-3
(2 - 4) + 3 + -3 + 3
1
Calculate 3 - (6 - (3 - 5)).
-5
What is the value of 1 - (1 + -4) - -2?
6
What is -8 + (7 - -11) + -6?
4
0 + 9 + -6 + 0
3
What is the value of 0 + (1 + -3 + 3 - 3)?
-2
Evaluate 3 + -2 - (1 + -2 + 4).
-2
Calculate 18 + -7 + -2 + -4.
5
-7 + 11 - (-1 - -3)
2
Evaluate -8 + (7 - 4) + 4.
-1
What is the value of (1 - 6) + (74 - 63)?
6
What is the value of -2 - (-1 + -5 + 4 + -1)?
1
What is the value of -2 + -1 + -10 + 17?
4
What is the value of 5 + -9 + 7 + (-3 - 4)?
-4
Calculate (8 - 3) + (-1 - 2).
2
What is 4 + 2 - 4 - 0?
2
What is the value of (-4 - (0 - 0)) + (-1 - -8)?
3
Calculate -11 - (-9 - (-2 - -2)).
-2
-2 - -5 - (-5 + 5) - -6
9
What is 2 + 3 + (1 - 4) + 2?
4
What is -3 + -2 - (-8 + 0)?
3
-3 - (-1 + 2 + -3)
-1
What is -20 + 21 - (-2 + -2)?
5
Calculate -1 + (2 - 2 - (1 - 2)).
0
Calculate (0 - (0 + -3 + 4)) + 1.
0
What is (6 - 10) + -2 + 1?
-5
What is the value of -2 + 2 + 0 - 1?
-1
-5 + 2 + (-6 - 0)
-9
What is -6 - ((-5 - (2 - 2)) + 4)?
-5
Calculate 2 + 4 + -1 + -1.
4
Calculate -3 + 0 + -1 + (2 - -2).
0
Calculate -2 + -1 + -6 + 4.
-5
What is 26 + -31 - (1 - 11)?
5
What is 1 - (-2 - (7 - 12))?
-2
What is the value of 8 + -7 - (6 + -1)?
-4
(-4 - -3) + (13 - (-1 - -7))
6
Calculate -4 - (-10 - (-5 - -1)).
2
-18 + 7 + 11 + 0
0
Calculate -4 - (-6 - (1 - 3) - -5).
-5
What is 3 - ((-2 - -5) + (2 - -2))?
-4
Calculate -10 + (3 - -24) + -11.
6
Calculate (-7 - -4 - -1) + -1 + 11.
8
What is the value of (-2 - 2) + 5 - -5 - 3?
3
-2 - ((0 - -3 - 3) + -3)
1
-3 - ((3 - (-5 - -2)) + -6)
-3
What is the value of -12 + -4 + (7 - 6) + 6?
-9
4 - (-3 - (-12 + 1))
-4
What is 0 + 4 + -15 + 6?
-5
Evaluate 1 + (-3 + 11 - 8).
1
Calculate (-6 - (-2 + -2)) + (2 - 2).
-2
What is 1 + -4 + -6 + 7?
-2
What is the value of 2 + 4 + (2 - 4)?
4
-2 - (2 + (1 + 0 - -3))
-8
Calculate (4 - 1 - 1) + -2 + 0.
0
Calculate -1 - -2 - (2 - -1) - 1.
-3
What is the value of -8 + 3 - (-2 + 5 + -6)?
-2
What is 1 + 3 + -1 + 0?
3
What is (-27 - -23) + -2 + 9 + -8?
-5
7 + 3 + 3 + -7 + 1
7
Calculate 5 + -1 - -4 - (10 + -9).
7
Calculate -8 - ((-12 - (-12 + 8)) + 3).
-3
What is the value of -1 + -3 - (-4 - -5)?
-5
Calculate 1 - (4 - (3 - (8 - 5))).
-3
What is the value of (10 + -23 - -8) + -2?
-7
Calculate 1 + -1 + 5 + -18 + 14.
1
What is the value of (1 - 9) + -64 + 74?
2
Calculate -4 + -2 + (9 - 3).
0
0 + -3 + (19 - 10)
6
What is the value of -9 - ((-4 - -3) + -3)?
-5
What is the value of (12 - 2) + (-3 - -10 - 9)?
8
Calculate 4 + 1 - (-5 + 4 - 1).
7
What is 6 - (3 + 1 + (10 - 8))?
0
What is (-8 - -2) + -3 - (36 + -36)?
-9
(4 - (4 + 5)) + (12 - 0)
7
What is -30 + 42 + -17 + (13 - 0)?
8
What is the value of 5 + 1 - (-5 + 10 - 4)?
5
(17 - 18) + 0 + 1
0
What is (41 - 44) + 0 + 9?
6
3 - (-3 - (3 + (-4 - 0)))
5
What is -3 + (6 - (4 + 0)) - -9?
8
Evaluate 6 + -5 + -3 + 3.
1
2 + -8 + 4 + -1 - 1
-4
(-1 - -2) + 0 + 2 + 1
4
Evaluate (9 - 11 - 4) + 8.
2
What is the value of -14 + (3 - -4) + (0 - -1)?
-6
(6 - 1) + (2 + -1 - 5)
1
What is (2 - -3) + -1 + -63 + 61?
2
-5 + 2 - (9 - 4 - 12)
4
Evaluate 2 - (-1 - (-4 - 1)).
-2
What is the value of -3 - (6 - (-4 - -4 - -4))?
-5
What is -1 + 4 + 0 - 7?
-4
(-1 - 1 - -1) + -2
-3
What is the value of (2 - 8) + (1 - (-2 - 0))?
-3
Calculate -1 + (1 + 1 - 3) + -3.
-5
What is -7 + 3 - (-20 + 19)?
-3
Evaluate (-1 - -1) + 2 + 4 + -4.
2
What is the value of -1 + (1 - 2) - (-4 + 4)?
-2
Evaluate 0 - (-3 + 5) - (0 + 0).
-2
0 - (-1 - (1 + (-1 - -1)))
2
Evaluate 12 - (12 + -3 + -2).
5
Evaluate 3 + 6 + (-10 - -6).
5
Calculate 5 + (-5 - (-3 - -5 - 5)).
3
What is 21 + -22 + 2 + 1 - 5?
-3
What is -14 + 16 + (2 - 1) + 4?
7
What is (-1 - 0) + 40 + -35 + 1?
5
3 + -1 + (-6 - -1)
-3
What is 5 - -3 - 3 - (4 - 1)?
2
-6 + -1 + 4 - 4
-7
What is the value of -4 + 1 + 8 - 11?
-6
What is -18 - (29 - 46) - (6 - 1)?
-6
What is the value of 14 + -2 + -5 - 2?
5
What is 11 - ((9 - 9) + 4)?
7
What is the value of (-2 - -7) + 3 + 1 + -4?
5
6 + (-14 - -2) - -14
8
What is -6 + -1 - (0 + -1 + -4)?
-2
Calculate 8 - (6 - (7 - 1)).
8
Calculate (5 - -2 - 2) + -11.
-6
What is 1 - 0 - (7 + -6 - 4)?
4
What is the value of -7 + 8 + (-1 - 0)?
0
(0 - -9) + (56 - 59)
6
What is 3 + (-5 - -2) - (-3 + 0)?
3
Evaluate 3 - (10 + 1 + -6 + 2).
-4
(5 - 3) + (1 - 5 - -5)
3
Evaluate (-7 - -4) + 1 - (-5 + 4).
-